- 20*o - 474. Give x(-11).
-12
Let t(f) = -17*f**3 + 2*f**2 + 3*f - 3. What is t(1)?
-15
Let r(z) = -41*z**2 - 43*z - 86. What is r(-2)?
-164
Let l(z) = -5*z**2 - 66*z + 277. Give l(4).
-67
Let k(s) = -107*s - 1705. What is k(-16)?
7
Let h(k) = -2*k**3 - k**2 + 15*k - 16. Calculate h(-3).
-16
Let v(l) = -4*l**3 - 37*l**2 - 19*l - 71. Determine v(-9).
19
Let i(q) = 37*q**3 - 2*q**2 - 5*q + 6. Calculate i(1).
36
Let m(b) = 10150*b + 6. Determine m(0).
6
Let z(p) = -61*p + 172. Calculate z(3).
-11
Let j(d) = 16*d**2 - 7*d + 3. Determine j(-2).
81
Let y(g) = 5*g**2 + 1460*g + 14102. What is y(-282)?
2
Let w(k) = -k**3 + 153*k**2 - 252*k - 7546. Determine w(151).
4
Let t(m) = m**2 - 48*m + 414. Determine t(11).
7
Let j(c) = 8*c**3 + 2*c**2 - 18*c + 17. Give j(1).
9
Let k(q) = -119*q + 1464. Calculate k(12).
36
Let w(j) = j**3 + 3*j**2 - 7*j - 40. What is w(-3)?
-19
Let x(b) = -b + 200. What is x(44)?
156
Let g(u) = -2*u**3 + u**2 - 4*u - 14. Give g(-3).
61
Let x(q) = -595*q + 9513. What is x(16)?
-7
Let d(k) = k**3 + 146*k**2 - 4873*k - 171. What is d(-174)?
3
Let h(s) = -179*s - 218. What is h(-2)?
140
Let i(l) = 19*l - 514. Give i(27).
-1
Let p(g) = -g**3 + 12*g**2 - 24*g - 4. Calculate p(4).
28
Let k(q) = -2*q**2 + 144*q + 116. Calculate k(73).
-30
Let u(j) = -6*j - 186. Determine u(-34).
18
Let v(b) = b**2 + 30*b - 472. What is v(12)?
32
Let x(b) = 59*b**2 + 170*b. Calculate x(-3).
21
Let h(a) = 435*a + 999. Calculate h(-2).
129
Let z(w) = -w**3 - 22*w**2 - 71*w + 55. Give z(-18).
37
Let a(c) = 18*c - 126. Determine a(7).
0
Let j(m) = m**3 + 13*m**2 - 11*m + 33. Calculate j(-14).
-9
Let n(v) = 2*v**3 - 2*v**2 + 13*v + 38. Determine n(-3).
-73
Let i(v) = -427*v - 24. What is i(-1)?
403
Let l(h) = -42*h + 21. Give l(1).
-21
Let a(v) = 488*v - 28295. Give a(58).
9
Let y(r) = 3*r**3 - 122*r**2 - 304*r + 140. What is y(43)?
11
Let d(s) = 494*s + 2447. Give d(-5).
-23
Let w(t) = 4*t**2 + 113*t - 2852. Give w(16).
-20
Let k(c) = c**3 + 26*c**2 - 32*c - 282. Give k(-27).
-147
Let d(f) = -f**3 - 7*f**2 + 15*f + 13. Determine d(-8).
-43
Let h(w) = 211*w + 573. What is h(-3)?
-60
Let l(i) = i**3 + 13*i**2 - 40*i - 106. Determine l(-15).
44
Let x(o) = 528*o**3 - 8*o + 7. What is x(1)?
527
Let r(p) = -p**2 + 20*p - 8. Calculate r(-7).
-197
Let z(r) = 130*r - 902. Calculate z(7).
8
Let h(f) = f**3 + f**2 - 4*f + 15. What is h(0)?
15
Let z(r) = 13*r**2 + 409*r + 557. Give z(-30).
-13
Let k(o) = 2*o**3 + 221*o**2 + 117*o + 747. What is k(-110)?
-23
Let u(d) = 2*d**3 - 11*d**2 - 177*d + 888. What is u(5)?
-22
Let v(a) = a**3 - 79*a**2 + 605*a + 228. What is v(9)?
3
Let j(a) = 14*a**2 + 127*a + 34. Determine j(-9).
25
Let t(o) = -o**3 + 4*o - 3. What is t(3)?
-18
Let u(d) = 6*d**2 - 74*d + 482. Calculate u(6).
254
Let m(c) = -6*c**2 + 14*c - 15. Determine m(-7).
-407
Let x(a) = a**2 + 54*a - 210. What is x(-57)?
-39
Let a(j) = -j**3 - 26*j**2 - 98*j + 4. Calculate a(-20).
-436
Let p(x) = -8*x**2 + 4*x. What is p(-4)?
-144
Let n(d) = -d**3 + 7*d**2 - 3*d + 20. What is n(7)?
-1
Let p(y) = -3*y - 92. Determine p(-19).
-35
Let q(x) = x**3 + 41*x**2 + 46*x + 77. Calculate q(-40).
-163
Let x(s) = 5*s**3 - 387*s**2 - 234*s - 9. Calculate x(78).
-9
Let f(r) = 3*r**3 - 10*r**2 - 16*r - 4. Determine f(-1).
-1
Let f(t) = t**3 - 33*t**2 - 5*t + 173. Calculate f(33).
8
Let r(f) = f**2 - 27*f + 72. Determine r(24).
0
Let v(l) = -6*l**3 - 509*l**2 + 77*l - 817. What is v(-85)?
-137
Let i(n) = -n**2 - 38*n - 346. Give i(-22).
6
Let z(g) = 8*g - 113. Determine z(13).
-9
Let g(l) = l**3 + 21*l**2 - 62*l + 124. Determine g(-24).
-116
Let m(n) = 305*n - 7312. Give m(24).
8
Let p(j) = 2*j**3 + 10*j**2 - 72*j + 7. Calculate p(-10).
-273
Let k(q) = -6*q - 23. Give k(-6).
13
Let t(c) = -c**2 - 1835*c - 64744. Calculate t(-36).
20
Let b(i) = -662*i + 661. Give b(1).
-1
Let r(a) = a**3 + 36*a**2 + 68*a + 192. Calculate r(-34).
192
Let g(n) = -n**2 - 85*n + 1596. Give g(-100).
96
Let g(s) = s**3 + 22*s**2 - 24*s - 8. Calculate g(-23).
15
Let h(f) = f**3 - 3*f**2 + 11*f - 94. Calculate h(4).
-34
Let h(m) = 8*m**2 - 2423*m - 284. What is h(303)?
19
Let j(w) = -90*w - 1123. Give j(-15).
227
Let u(q) = -2*q**2 - 42*q + 1513. Give u(-40).
-7
Let d(q) = q**2 - 176*q - 2225. Calculate d(-12).
31
Let n(s) = 3*s**2 + 31*s - 24. Give n(-10).
-34
Let o(r) = r**3 - 95*r**2 + 611*r + 422. What is o(88)?
-18
Let z(g) = -11909*g + 4. Give z(0).
4
Let m(z) = z**3 + 96*z**2 - 944*z - 2. Determine m(9).
7
Let b(a) = 2*a**2 - 63*a + 326. Give b(25).
1
Let l(m) = 2039*m + 4004. Determine l(-2).
-74
Let s(w) = -4*w**3 - 16*w**2 - 5*w - 9. What is s(-3)?
-30
Let d(u) = 15*u**2 + 1034*u - 72. What is d(-69)?
-3
Let t(d) = 2*d**3 - 54*d**2 + 60*d - 45. Determine t(26).
163
Let f(t) = -t**3 + 38*t**2 - 364*t + 57. Calculate f(19).
0
Let m(p) = 282*p + 347. Determine m(-3).
-499
Let i(s) = -s**3 + 134*s**2 - 4263*s - 47. Determine i(52).
5
Let h(u) = 46*u + 1060. What is h(-23)?
2
Let y(m) = 345*m + 2424. Give y(-7).
9
Let k(b) = -59*b + 715. Calculate k(7).
302
Let q(g) = -g**2 + 41*g + 1163. Determine q(-20).
-57
Let u(d) = -256*d + 518. Determine u(2).
6
Let w(j) = -j**2 - 12*j + 221. Determine w(-22).
1
Let x(v) = -33*v**2 - 494*v + 1488. Calculate x(3).
-291
Let t(q) = q**2 + 286*q - 38122. Determine t(-385).
-7
Let i(z) = 10*z**2 - 469*z + 3671. Determine i(37).
8
Let w(z) = 30*z + 37. What is w(-4)?
-83
Let b(x) = -x**3 - 44*x**2 + 136*x - 56. Give b(-47).
179
Let q(u) = -u**3 + 62*u**2 + 66*u - 128. What is q(63)?
61
Let l(s) = s**3 + 29*s**2 + 32*s + 594. Give l(-29).
-334
Let n(z) = z**3 + 8*z**2 - 17*z - 41. Calculate n(-9).
31
Let f(s) = -s**3 - 103*s**2 - 489*s + 41. Give f(-5).
36
Let v(b) = 58*b + 12. Determine v(-3).
-162
Let y(l) = -8*l + 5. What is y(-15)?
125
Let w(d) = 11*d**2 - 59*d - 29. What is w(9)?
331
Let u(p) = p**3 + 7*p**2 + 9*p - 11. Give u(-5).
-6
Let s(c) = c**3 + 126*c**2 - 253*c + 387. Determine s(-128).
3
Let x(u) = -u**2 + 9*u - 9. What is x(11)?
-31
Let b(u) = u**3 - 12*u**2 - 167*u - 441. What is b(-5)?
-31
Let q(g) = -42*g - 1477. Give q(-36).
35
Let v(w) = 17*w - 341. Determine v(24).
67
Let u(p) = -p**2 - 278*p + 3479. Give u(12).
-1
Let y(z) = z**3 + 23*z**2 - 11*z - 241. Calculate y(-23).
12
Let h(u) = -46*u + 830. Determine h(18).
2
Let i(u) = -u**3 + 18*u**2 + 33*u - 168. Calculate i(20).
-308
Let r(p) = -568*p + 6185. What is r(11)?
-63
Let p(q) = -2*q**3 - 4*q**2 - 3*q - 16. Determine p(-3).
11
Let c(a) = 425*a - 31448. What is c(74)?
2
Let h(d) = d**3 - 9*d**2 + 4*d + 20. Give h(8).
-12
Let j(v) = -4*v**2 + 5*v + 5. Give j(5).
-70
Let a(k) = -17*k**3 - 8*k**2 + 10*k + 12. Calculate a(-2).
96
Let v(m) = -2*m**2 + 113*m + 332. Determine v(59).
37
Let b(z) = -z**3 - 8*z**2 + 13*z - 7. Calculate b(-8).
-111
Let v(q) = -14*q**2 - 39*q - 129. Determine v(-4).
-197
Let c(p) = -p**3 - 29*p**2 + 34*p + 107. What is c(-30)?
-13
Let q(y) = -y**2 + 83*y + 1903. Give q(-19).
-35
Let m(q) = 250*q**3 + 8*q + 8. Give m(-1).
-250
Let i(s) = -s**2 - 8*s - 66. Calculate i(-12).
-114
Let n(d) = 23*d**3 - 15*d**2 + d + 3. Calculate n(2).
129
Let t(j) = j**3 - 15*j**2 + j - 281. Calculate t(16).
-9
Let s(g) = g + 140. Calculate s(-39).
101
Let b(d) = d**3 + 3*d**2 - 7*d - 10. Determine b(-7).
-157
Let m(i) = 6*i**3 + 15*i**2 + 8*i - 2. Calculate m(-3).
-53
Let a(x) = 5*x**2 + 46*x + 14. What is a(-9)?
5
Let s(h) = h**3 - 26*h**2 + 105*h - 7. Give s(5).
-7
Let k(z) = -z**3 + 64*z**2 + 4*z - 271. Calculate k(64).
-15
Let a(t) = 4*t**2 - 92*t - 233. Determine a(25).
-33
Let r(p) = 4*p**2 + 8*p + 18. Determine r(0).
18
Let p(n) = -5*n**2 - 3*n - 70. Determine p(0).
-70
Let m(f) = 4*f**2 + 32*f - 279. What is m(5)?
-19
Let u(d) = 12*d**2 - 164*d + 65. Calculate u(14).
121
Let t(j) = -19996*j - 319931. Calculate t(-16).
5
Let z(g) = -272*g + 31005. Give z(114).
-3
Let w(l) = l**2 + 21*l - 45. Give w(2).
1
Let j(c) = -c**2 + 16*c + 2. Calculate j(11).
57
Let z(y) = 15*y**2 + 44*y + 39. Calculate z(-1).
10
Let v(s) = -9*s - 117. Determine v(-15).
18
Let l(y) = -y**3 - 157*y**2 + 775*y + 182. Give l(5).
7
Let x(n) = n**3 - 33*n**2 - 37*n + 56. Give x(34).
-46
Let t(u) = -3*u**2 + 17*u - 22. Give t(12).
-250
Let q(u) = -2*u**2 + 25*u - 40. What is q(11)?
-7
Let o(z) = 449*z**2 - 91*z + 91. Wha